
Is 443411 a prime number?
False
Is 2046181 a composite number?
True
Is 1340519 composite?
True
Is 297341 composite?
True
Is 1571 a composite number?
False
Is 7069 prime?
True
Is 303913 a prime number?
False
Is 162179 a composite number?
True
Is 644689 composite?
True
Is 19553 composite?
False
Is 19283 a prime number?
False
Is 6761 composite?
False
Is 1069631 a composite number?
False
Is 524543 prime?
False
Is 768671 a composite number?
False
Is 61861 prime?
True
Is 47417 composite?
False
Is 504278 a prime number?
False
Is 357131 composite?
False
Is 38431 a prime number?
True
Is 42433 composite?
False
Is 2893337 composite?
True
Is 53773 a composite number?
False
Is 4927 a composite number?
True
Is 148729 a prime number?
False
Is 157247 a prime number?
True
Is 158959 composite?
False
Is 18635 composite?
True
Is 142097 composite?
False
Is 1119 composite?
True
Is 91009 a composite number?
False
Is 78341 prime?
True
Is 1039487 a prime number?
False
Is 49319 a prime number?
False
Is 274731 a composite number?
True
Is 39383 a composite number?
False
Is 7753 a composite number?
False
Is 1601 prime?
True
Is 9311 prime?
True
Is 67927 prime?
True
Is 372871 a composite number?
False
Is 474569 a prime number?
True
Is 435059 composite?
False
Is 479851 prime?
False
Is 3641 a prime number?
False
Is 42887 a prime number?
False
Is 53473 a composite number?
True
Is 37517 a prime number?
True
Is 48797 a prime number?
False
Is 5257 a prime number?
False
Is 8147 a prime number?
True
Is 43627 composite?
False
Is 922859 composite?
True
Is 1776539 a composite number?
False
Is 168713 composite?
False
Is 477177 a prime number?
False
Is 107611 a prime number?
False
Is 3599 prime?
False
Is 4385 composite?
True
Is 397939 prime?
True
Is 15593 prime?
False
Is 300481 a composite number?
False
Is 2237 a prime number?
True
Is 15553 prime?
False
Is 139474 a composite number?
True
Is 73171 prime?
False
Is 1258787 a prime number?
True
Is 587 prime?
True
Is 146 prime?
False
Is 1892017 prime?
True
Is 616717 a prime number?
True
Is 1082 a prime number?
False
Is 18967 prime?
False
Is 5261 composite?
False
Is 29615 a prime number?
False
Is 58771 a prime number?
True
Is 1254367 a prime number?
True
Is 8819 a prime number?
True
Is 91 a prime number?
False
Is 927413 a composite number?
True
Is 119 prime?
False
Is 13157 prime?
False
Is 8399 a prime number?
False
Is 395 prime?
False
Is 393879 prime?
False
Is 392185 a prime number?
False
Is 390851 composite?
False
Is 23663 composite?
False
Is 71653 composite?
True
Is 1657 a prime number?
True
Is 137633 a composite number?
False
Is 60493 composite?
False
Is 131667 composite?
True
Is 60263 a composite number?
True
Is 18191 composite?
False
Is 77827 prime?
False
Is 6005 composite?
True
Is 341503 composite?
True
Is 20267 prime?
False
Is 4639331 prime?
True
Is 344233 composite?
True
Is 13142 prime?
False
Is 13571 a composite number?
True
Is 6947 a prime number?
True
Is 37957 a prime number?
True
Is 27883 composite?
False
Is 691613 prime?
False
Is 2567 composite?
True
Is 17785 a prime number?
False
Is 117641 composite?
True
Is 158558 composite?
True
Is 52795 a composite number?
True
Is 499 a prime number?
True
Is 48851 composite?
True
Is 280859 prime?
True
Is 113437 composite?
False
Is 382051 composite?
True
Is 1581211 prime?
True
Is 4609 a composite number?
True
Is 1326439 a prime number?
False
Is 7753 prime?
True
Is 10237 prime?
False
Is 5839 a composite number?
False
Is 264593 prime?
False
Is 215051 prime?
True
Is 1570649 prime?
True
Is 39293 a prime number?
True
Is 58967 prime?
True
Is 74378 a prime number?
False
Is 2597189 a composite number?
True
Is 97943 prime?
True
Is 48833 composite?
True
Is 250343 prime?
True
Is 2161 composite?
False
Is 158293 a composite number?
False
Is 27629 composite?
True
Is 535 a prime number?
False
Is 96259 a prime number?
True
Is 77423 composite?
True
Is 1310143 a prime number?
True
Is 135511 prime?
True
Is 2237 prime?
True
Is 1434379 a prime number?
False
Is 9049 a prime number?
True
Is 98414 composite?
True
Is 2521 a composite number?
False
Is 841735 prime?
False
Is 146891 composite?
False
Is 677 a composite number?
False
Is 16319 composite?
False
Is 179801 prime?
True
Is 26249 a composite number?
False
Is 20087 prime?
False
Is 103369 a composite number?
True
Is 8147 a prime number?
True
Is 315247 prime?
True
Is 4152859 composite?
False
Is 6491 a prime number?
True
Is 91006 composite?
True
Is 1115266 composite?
True
Is 21961 prime?
True
Is 7451 a prime number?
True
Is 469 a composite number?
True
Is 83689 prime?
True
Is 2285173 a composite number?
True
Is 50429 a composite number?
True
Is 271 composite?
False
Is 31865 a prime number?
False
Is 43531 a prime number?
False
Is 182395 composite?
True
Is 24239 a composite number?
False
Is 1389281 a prime number?
True
Is 4163243 a composite number?
True
Is 86971 composite?
True
Is 992237 a prime number?
False
Is 2446979 prime?
False
Is 3989 a composite number?
False
Is 116189 prime?
True
Is 623383 a composite number?
False
Is 913571 a prime number?
True
Is 16667 a prime number?
False
Is 337929 prime?
False
Is 76333 a prime number?
True
Is 90322 composite?
True
Is 8111 a composite number?
False
Is 63577 composite?
False
Is 924929 composite?
False
Is 5095 a prime number?
False
Is 1030763 prime?
True
Is 117497 a prime number?
True
Is 379 a composite number?
False
Is 11549 a composite number?
False
Is 2479 prime?
False
Is 95453 a composite number?
True
Is 91 a composite number?
True
Is 363065 a composite number?
True
Is 23665 prime?
False
Is 3212317 a prime number?
True
Is 1315 a composite number?
True
Is 10483 a composite number?
True
Is 141005 a composite number?
True
Is 30757 prime?
True
Is 10727 prime?
False
Is 1569859 a composite number?
False
Is 8641 a composite number?
False
Is 11929 a composite number?
True
Is 673 composite?
False
Is 5919 composite?
True
Is 32099 a prime number?
True
Is 22823 a prime number?
False
Is 305633 prime?
True
Is 153491 composite?
True
Is 3418091 composite?
True
Is 2327 a composite number?
True
Is 445061 prime?
False
Is 212027 composite?
True
Is 52919 a composite number?
False
Is 25271 a composite number?
True
Is 261271 prime?
True
Is 52991 a prime number?
False
Is 690743 a composite number?
True
Is 929443 a prime number?
False
Is 4591 composite?
False
Is 118831 prime?
True
Is 7753 prime?
True
Is 1201 a composite number?
False
Is 19001 composite?
False
Is 2322689 composite?
True
Is 1582729 a composite number?
False
Is 1593281 a composite number?
False
Is 267829 a prime number?
True
Is 1459 a composite number?
False
Is 6719 a prime number?
True
Is 8081 a prime number?
True
Is 6029 prime?
True
Is 203761 prime?
True
Is 6117 a prime number?
False
Is 1982563 prime?
False
Is 1007 composite?
True
Is 75791 a composite number?
True
Is 1543709 a composite number?
False
Is 4759 a prime number?
True
Is 258353 a composite number?
False
Is 66239 a prime number?
True
Is 260699 prime?
False
Is 990881 a prime number?
True
Is 134857 a composite number?
False
Is 29897 composite?
True
Is 21741 composite?
True
Is 133699 prime?
False
Is 606737 composite?
False
Is 536543 composite?
True
Is 397 prime?
True
Is 8065 composite?
True
Is 3785 a composite number?
True
Is 64747 composite?
False
Is 14461 a prime number?
True
Is 6863 composite?
False
Is 1277 composite?
False
Is 328247 composite?
True
Is 1437079 a composite number?
True
Is 183809 a composite number?
False
Is 176371 prime?
False
Is 1777993 a prime number?
False
Is 6889 a composite number?
True
Is 1931 prime?
True
Is 13529 prime?
False
Is 317 prime?
True
Is 3863 a composite number?
False
Is 37123 prime?
True
Is 18947 a prime number?
True
Is 87887 a prime number?
True
Is 802 a composite number?
True
Is 218849 composite?
False
Is 100951 prime?
False
Is 281509 prime?
True
Is 311257 a prime number?
False
Is 13241 a composite number?
False
Is 6469 composite?
False
Is 118009 a composite number?
True
Is 7901 a prime number?
True
Is 1200703 a prime number?
False
Is 52913 prime?
False
Is 859 a prime number?
True
Is 6791 a composite number?
False
Is 6671 composite?
True
Is 6521 a prime number?
True
Is 3109 a composite number?
False
Is 1145593 a prime number?
True
Is 9131 prime?
False
Is 83891 prime?
True
Is 112